{"id":3478,"date":"2021-06-29T00:08:20","date_gmt":"2021-06-29T07:08:20","guid":{"rendered":"https:\/\/www.nguoivietabc.com\/info\/?page_id=3478"},"modified":"2022-06-14T23:58:32","modified_gmt":"2022-06-15T06:58:32","slug":"ho-tro-dang-tin","status":"publish","type":"page","link":"https:\/\/www.nguoivietabc.com\/info\/ho-tro-dang-tin\/","title":{"rendered":"H\u1ed7 tr\u1ee3 \u0111\u0103ng tin"},"content":{"rendered":"<p>[et_pb_section fb_built=&#8221;1&#8243; admin_label=&#8221;Video&#8221; _builder_version=&#8221;4.16&#8243; _module_preset=&#8221;default&#8221; background_enable_color=&#8221;off&#8221; use_background_color_gradient=&#8221;on&#8221; background_color_gradient_direction=&#8221;90deg&#8221; background_color_gradient_stops=&#8221;#f8f8f8 30%|#ffffff 30%&#8221; background_color_gradient_overlays_image=&#8221;on&#8221; background_color_gradient_start=&#8221;#f8f8f8&#8243; background_color_gradient_start_position=&#8221;30%&#8221; background_color_gradient_end=&#8221;#ffffff&#8221; background_color_gradient_end_position=&#8221;30%&#8221; background_image=&#8221;https:\/\/www.nguoivietabc.com\/info\/wp-content\/uploads\/2021\/06\/wedding-04.jpg&#8221; background_last_edited=&#8221;on|desktop&#8221; background_color_gradient_stops_tablet=&#8221;#f8f8f8 0%|#ffffff 0%&#8221; background_color_gradient_start_position_tablet=&#8221;0%&#8221; background_color_gradient_end_position_tablet=&#8221;0%&#8221; locked=&#8221;off&#8221; global_colors_info=&#8221;{%22gcid-4721c02e-63da-4985-9f86-80b98bb29c52%22:%91%93}&#8221;][et_pb_row column_structure=&#8221;1_2,1_2&#8243; _builder_version=&#8221;4.16&#8243; _module_preset=&#8221;default&#8221; global_colors_info=&#8221;{}&#8221;][et_pb_column type=&#8221;1_2&#8243; _builder_version=&#8221;4.16&#8243; _module_preset=&#8221;default&#8221; global_colors_info=&#8221;{}&#8221;][et_pb_image src=&#8221;https:\/\/www.nguoivietabc.com\/info\/wp-content\/uploads\/2021\/06\/hotrodangtin.jpg&#8221; title_text=&#8221;hotrodangtin&#8221; _builder_version=&#8221;4.16&#8243; _module_preset=&#8221;default&#8221; custom_margin=&#8221;-40px||-40px|-40px|false|false&#8221; custom_margin_tablet=&#8221;0px||0px|0px|false|false&#8221; custom_margin_phone=&#8221;&#8221; custom_margin_last_edited=&#8221;on|phone&#8221; animation_style=&#8221;fade&#8221; border_radii=&#8221;on|12px|12px|12px|12px&#8221; locked=&#8221;off&#8221; global_colors_info=&#8221;{}&#8221;][\/et_pb_image][\/et_pb_column][et_pb_column type=&#8221;1_2&#8243; _builder_version=&#8221;4.16&#8243; _module_preset=&#8221;default&#8221; global_colors_info=&#8221;{}&#8221;][et_pb_text _builder_version=&#8221;4.17.4&#8243; _module_preset=&#8221;default&#8221; text_font=&#8221;||||||||&#8221; text_text_color=&#8221;#6b6b6b&#8221; text_font_size=&#8221;18px&#8221; header_font=&#8221;Inter|700|||||||&#8221; header_text_color=&#8221;#000000&#8243; header_font_size=&#8221;50px&#8221; header_line_height=&#8221;1.2em&#8221; header_4_font=&#8221;Inter|700|||||||&#8221; header_4_text_color=&#8221;#000000&#8243; header_4_font_size=&#8221;20px&#8221; header_4_letter_spacing=&#8221;7px&#8221; header_4_line_height=&#8221;1.2em&#8221; text_orientation=&#8221;center&#8221; background_layout=&#8221;dark&#8221; custom_padding=&#8221;30px||39px||false|false&#8221; animation_style=&#8221;fade&#8221; animation_duration=&#8221;1379ms&#8221; animation_delay=&#8221;390ms&#8221; hover_enabled=&#8221;0&#8243; text_font_size_tablet=&#8221;&#8221; text_font_size_phone=&#8221;18px&#8221; text_font_size_last_edited=&#8221;on|phone&#8221; header_font_size_tablet=&#8221;&#8221; header_font_size_phone=&#8221;39px&#8221; header_font_size_last_edited=&#8221;on|desktop&#8221; global_colors_info=&#8221;{}&#8221; sticky_enabled=&#8221;0&#8243;]<\/p>\n<h4>USER SUPPORT<\/h4>\n<h1>H\u1ed7 tr\u1ee3 \u0111\u0103ng tin<\/h1>\n<p>Li\u00ean l\u1ea1c v\u1edbi Ng\u01b0\u1eddi Vi\u1ec7t ABC \u0111\u1ec3 \u0111\u0103ng tin gi\u00fap b\u1ea1n qua 3 b\u01b0\u1edbc \u0111\u01a1n gi\u1ea3n<\/p>\n<p>[\/et_pb_text][\/et_pb_column][\/et_pb_row][\/et_pb_section][et_pb_section fb_built=&#8221;1&#8243; admin_label=&#8221;Stats&#8221; _builder_version=&#8221;4.16&#8243; _module_preset=&#8221;default&#8221; background_color=&#8221;#f8f8f8&#8243; background_enable_image=&#8221;off&#8221; background_size=&#8221;initial&#8221; background_repeat=&#8221;repeat&#8221; background_blend=&#8221;overlay&#8221; custom_padding=&#8221;0vw||0vw||true|false&#8221; global_colors_info=&#8221;{}&#8221;][et_pb_row column_structure=&#8221;1_3,1_3,1_3&#8243; _builder_version=&#8221;4.16&#8243; _module_preset=&#8221;default&#8221; custom_padding=&#8221;23px||68px||false|false&#8221; animation_style=&#8221;slide&#8221; animation_direction=&#8221;bottom&#8221; animation_duration=&#8221;1379ms&#8221; animation_delay=&#8221;390ms&#8221; global_colors_info=&#8221;{}&#8221;][et_pb_column type=&#8221;1_3&#8243; _builder_version=&#8221;4.16&#8243; _module_preset=&#8221;default&#8221; global_colors_info=&#8221;{}&#8221;][et_pb_blurb title=&#8221;B\u01b0\u1edbc 1: Xem bi\u1ec3u gi\u00e1&#8221; use_icon=&#8221;on&#8221; font_icon=&#8221;&#xe101;||divi||400&#8243; icon_color=&#8221;#0fabff&#8221; image_icon_width=&#8221;39px&#8221; content_max_width=&#8221;100%&#8221; image_icon_width_tablet=&#8221;39px&#8221; image_icon_width_phone=&#8221;39px&#8221; image_icon_width_last_edited=&#8221;on|phone&#8221; _builder_version=&#8221;4.17.4&#8243; _module_preset=&#8221;default&#8221; header_font=&#8221;Inter|600||on|||||&#8221; header_text_color=&#8221;gcid-4721c02e-63da-4985-9f86-80b98bb29c52&#8243; header_font_size=&#8221;18px&#8221; header_letter_spacing=&#8221;2px&#8221; header_line_height=&#8221;1.2em&#8221; body_font=&#8221;Inter||||||||&#8221; body_text_align=&#8221;left&#8221; body_text_color=&#8221;#6b6b6b&#8221; body_font_size=&#8221;15px&#8221; body_line_height=&#8221;1.6em&#8221; text_orientation=&#8221;center&#8221; max_width=&#8221;400px&#8221; module_alignment=&#8221;center&#8221; custom_margin=&#8221;60px||||false|false&#8221; animation=&#8221;off&#8221; hover_enabled=&#8221;0&#8243; header_font_size_tablet=&#8221;14px&#8221; header_font_size_phone=&#8221;&#8221; header_font_size_last_edited=&#8221;on|phone&#8221; body_font_size_tablet=&#8221;&#8221; body_font_size_phone=&#8221;14px&#8221; body_font_size_last_edited=&#8221;on|phone&#8221; icon_font_size=&#8221;39px&#8221; image_max_width_tablet=&#8221;40px&#8221; image_max_width_phone=&#8221;32px&#8221; image_max_width_last_edited=&#8221;on|phone&#8221; locked=&#8221;off&#8221; global_colors_info=&#8221;{%22gcid-4721c02e-63da-4985-9f86-80b98bb29c52%22:%91%22header_text_color%22%93}&#8221; sticky_enabled=&#8221;0&#8243;]<\/p>\n<p>T\u00ecm hi\u1ec3u c\u00e1c m\u1ee9c ph\u00ed \u0111\u0103ng tin theo nhu c\u1ea7u c\u1ee7a b\u1ea1n.<\/p>\n<p>Hi\u1ec7n t\u1ea1i Ng\u01b0\u1eddi Vi\u1ec7t ABC c\u00f3 m\u1ee9c ph\u00ed \u0111\u0103ng tin cho c\u00e1c danh m\u1ee5c Rao V\u1eb7t, Danh B\u1ea1, v\u00e0 ph\u00ed n\u00e2ng tin \u01b0u ti\u00ean.<\/p>\n<p>[\/et_pb_blurb][et_pb_button button_url=&#8221;\/info\/pricing\/&#8221; url_new_window=&#8221;on&#8221; button_text=&#8221;Xem bi\u1ec3u gi\u00e1&#8221; button_alignment=&#8221;center&#8221; _builder_version=&#8221;4.17.4&#8243; _module_preset=&#8221;default&#8221; custom_button=&#8221;on&#8221; button_text_size=&#8221;18px&#8221; button_text_color=&#8221;#0fabff&#8221; button_bg_color=&#8221;RGBA(0,0,0,0)&#8221; button_border_width=&#8221;2px&#8221; button_border_radius=&#8221;6px&#8221; button_font=&#8221;Inter||||||||&#8221; button_icon_color=&#8221;#0fabff&#8221; global_colors_info=&#8221;{}&#8221; button_icon_color__hover_enabled=&#8221;on|hover&#8221; button_icon_color__hover=&#8221;#FFFFFF&#8221; button_text_color__hover_enabled=&#8221;on|desktop&#8221; button_text_color__hover=&#8221;#FFFFFF&#8221; button_bg_color__hover_enabled=&#8221;on|desktop&#8221; button_bg_color__hover=&#8221;#0fabff&#8221; button_bg_enable_color__hover=&#8221;on&#8221;][\/et_pb_button][\/et_pb_column][et_pb_column type=&#8221;1_3&#8243; _builder_version=&#8221;4.16&#8243; _module_preset=&#8221;default&#8221; global_colors_info=&#8221;{}&#8221;][et_pb_blurb title=&#8221;B\u01b0\u1edbc 2: Li\u00ean l\u1ea1c&#8221; use_icon=&#8221;on&#8221; font_icon=&#8221;&#xe010;||divi||400&#8243; icon_color=&#8221;#fc9700&#8243; image_icon_width=&#8221;39px&#8221; content_max_width=&#8221;100%&#8221; image_icon_width_tablet=&#8221;39px&#8221; image_icon_width_phone=&#8221;39px&#8221; image_icon_width_last_edited=&#8221;on|phone&#8221; _builder_version=&#8221;4.17.4&#8243; _module_preset=&#8221;default&#8221; header_font=&#8221;Inter|600||on|||||&#8221; header_text_color=&#8221;gcid-4721c02e-63da-4985-9f86-80b98bb29c52&#8243; header_font_size=&#8221;18px&#8221; header_letter_spacing=&#8221;2px&#8221; header_line_height=&#8221;1.2em&#8221; body_font=&#8221;Inter||||||||&#8221; body_text_align=&#8221;left&#8221; body_text_color=&#8221;#6b6b6b&#8221; body_font_size=&#8221;15px&#8221; body_line_height=&#8221;1.6em&#8221; text_orientation=&#8221;center&#8221; max_width=&#8221;400px&#8221; module_alignment=&#8221;center&#8221; custom_margin=&#8221;60px||||false|false&#8221; animation=&#8221;off&#8221; hover_enabled=&#8221;0&#8243; header_font_size_tablet=&#8221;14px&#8221; header_font_size_phone=&#8221;&#8221; header_font_size_last_edited=&#8221;on|phone&#8221; body_font_size_tablet=&#8221;&#8221; body_font_size_phone=&#8221;14px&#8221; body_font_size_last_edited=&#8221;on|phone&#8221; icon_font_size=&#8221;39px&#8221; image_max_width_tablet=&#8221;40px&#8221; image_max_width_phone=&#8221;32px&#8221; image_max_width_last_edited=&#8221;on|phone&#8221; locked=&#8221;off&#8221; global_colors_info=&#8221;{%22gcid-4721c02e-63da-4985-9f86-80b98bb29c52%22:%91%22header_text_color%22%93}&#8221; sticky_enabled=&#8221;0&#8243;]<\/p>\n<p>Li\u00ean l\u1ea1c Ng\u01b0\u1eddi Vi\u1ec7t ABC qua tin nh\u1eafn facebook, ho\u1eb7c email.<br \/>\u2022 N\u1ed9i dung c\u1ea7n \u0111\u0103ng, th\u00f4ng tin li\u00ean l\u1ea1c (s\u1ed1 phone, email)<br \/>\u2022 H\u00ecnh \u1ea3nh m\u00f4 t\u1ea3. L\u01b0u \u00fd: \u0110\u1ed1i v\u1edbi c\u00e1c tin \u0111\u0103ng cho thu\u00ea b\u1eaft bu\u1ed9c ph\u1ea3i c\u00f3 h\u00ecnh \u1ea3nh.<br \/>\u2022 Th\u1eddi h\u1ea1n \u0111\u0103ng tin v\u00e0 c\u00e2u h\u1ecfi kh\u00e1c n\u1ebfu c\u00f3.<\/p>\n<p>[\/et_pb_blurb][et_pb_blurb use_icon=&#8221;on&#8221; font_icon=&#8221;&#xe0aa;||divi||400&#8243; icon_color=&#8221;#000000&#8243; icon_placement=&#8221;left&#8221; image_icon_width=&#8221;23px&#8221; _builder_version=&#8221;4.16&#8243; header_font=&#8221;Lato|700||on|||||&#8221; header_font_size=&#8221;13px&#8221; header_line_height=&#8221;1.2em&#8221; body_font=&#8221;Lato||||||||&#8221; body_font_size=&#8221;16px&#8221; width=&#8221;400px&#8221; module_alignment=&#8221;center&#8221; custom_margin=&#8221;0px||15px||false|false&#8221; custom_padding=&#8221;0px||0px||false|false&#8221; animation=&#8221;off&#8221; icon_font_size=&#8221;23px&#8221; locked=&#8221;off&#8221; global_colors_info=&#8221;{}&#8221;]<\/p>\n<p><strong><a href=\"https:\/\/www.facebook.com\/nguoivietabc\" target=\"_blank\" rel=\"noopener noreferrer\">facebook.com\/nguoivietabc<\/a><\/strong><\/p>\n<p>[\/et_pb_blurb][et_pb_blurb use_icon=&#8221;on&#8221; font_icon=&#8221;&#xe076;||divi||400&#8243; icon_color=&#8221;#000000&#8243; icon_placement=&#8221;left&#8221; image_icon_width=&#8221;23px&#8221; _builder_version=&#8221;4.16&#8243; header_font=&#8221;Lato|700||on|||||&#8221; header_font_size=&#8221;13px&#8221; header_line_height=&#8221;1.2em&#8221; body_font=&#8221;Lato||||||||&#8221; body_font_size=&#8221;16px&#8221; max_width=&#8221;400px&#8221; module_alignment=&#8221;center&#8221; custom_margin=&#8221;0px||15px||false|false&#8221; animation=&#8221;off&#8221; icon_font_size=&#8221;23px&#8221; global_colors_info=&#8221;{}&#8221;]<\/p>\n<p><strong><a href=\"mailto:hello@nguoivietabc.com?subject=From nguoivietabc.com User\">hello@nguoivietabc.com<\/a><\/strong><\/p>\n<p>[\/et_pb_blurb][\/et_pb_column][et_pb_column type=&#8221;1_3&#8243; _builder_version=&#8221;4.16&#8243; _module_preset=&#8221;default&#8221; global_colors_info=&#8221;{}&#8221;][et_pb_blurb title=&#8221;B\u01b0\u1edbc 3: Thanh to\u00e1n&#8221; use_icon=&#8221;on&#8221; font_icon=&#8221;&#xe014;||divi||400&#8243; icon_color=&#8221;#23d174&#8243; image_icon_width=&#8221;39px&#8221; content_max_width=&#8221;100%&#8221; image_icon_width_tablet=&#8221;39px&#8221; image_icon_width_phone=&#8221;39px&#8221; image_icon_width_last_edited=&#8221;on|phone&#8221; _builder_version=&#8221;4.17.4&#8243; _module_preset=&#8221;default&#8221; header_font=&#8221;Inter|600||on|||||&#8221; header_text_color=&#8221;gcid-4721c02e-63da-4985-9f86-80b98bb29c52&#8243; header_font_size=&#8221;18px&#8221; header_letter_spacing=&#8221;2px&#8221; header_line_height=&#8221;1.2em&#8221; body_font=&#8221;Inter||||||||&#8221; body_text_align=&#8221;left&#8221; body_text_color=&#8221;#6b6b6b&#8221; body_font_size=&#8221;15px&#8221; body_line_height=&#8221;1.6em&#8221; text_orientation=&#8221;center&#8221; max_width=&#8221;400px&#8221; module_alignment=&#8221;center&#8221; custom_margin=&#8221;60px||||false|false&#8221; animation=&#8221;off&#8221; hover_enabled=&#8221;0&#8243; header_font_size_tablet=&#8221;14px&#8221; header_font_size_phone=&#8221;&#8221; header_font_size_last_edited=&#8221;on|phone&#8221; body_font_size_tablet=&#8221;&#8221; body_font_size_phone=&#8221;14px&#8221; body_font_size_last_edited=&#8221;on|phone&#8221; icon_font_size=&#8221;39px&#8221; image_max_width_tablet=&#8221;40px&#8221; image_max_width_phone=&#8221;32px&#8221; image_max_width_last_edited=&#8221;on|phone&#8221; locked=&#8221;off&#8221; inline_fonts=&#8221;Inter&#8221; global_colors_info=&#8221;{%22gcid-4721c02e-63da-4985-9f86-80b98bb29c52%22:%91%22header_text_color%22%93}&#8221; sticky_enabled=&#8221;0&#8243;]<\/p>\n<p>Thanh to\u00e1n chi ph\u00ed \u0111\u0103ng tin qua Paypal ho\u1eb7c Zelle \u0111\u1ebfn \u0111\u1ecba ch\u1ec9 email: <span style=\"font-family: Inter;\"><strong><a href=\"mailto:paid@nguoivietabc.com\">paid@nguoivietabc.com<\/a><\/strong><\/span><\/p>\n<p>\u2022 Sau khi x\u00e1c nh\u1eadn thanh to\u00e1n. Ng\u01b0\u1eddi Vi\u1ec7t ABC s\u1ebd ti\u1ebfn h\u00e0nh \u0111\u0103ng tin v\u00e0 g\u1eedi th\u00f4ng b\u00e1o \u0111\u1ebfn b\u1ea1n.<\/p>\n<p><img decoding=\"async\" loading=\"lazy\" width=\"90%\" height=\"auto\" src=\"https:\/\/www.nguoivietabc.com\/info\/upload\/icon\/paypal_zelle.svg\" alt=\"Paypal and Zelle Payment\" class=\"size-medium aligncenter\" \/><\/p>\n<p>[\/et_pb_blurb][\/et_pb_column][\/et_pb_row][\/et_pb_section][et_pb_section fb_built=&#8221;1&#8243; admin_label=&#8221;Value Props&#8221; _builder_version=&#8221;4.16&#8243; _module_preset=&#8221;default&#8221; custom_padding=&#8221;79px||79px||true|false&#8221; locked=&#8221;off&#8221; global_colors_info=&#8221;{}&#8221;][et_pb_row _builder_version=&#8221;4.16&#8243; _module_preset=&#8221;default&#8221; global_colors_info=&#8221;{}&#8221;][et_pb_column type=&#8221;4_4&#8243; _builder_version=&#8221;4.16&#8243; _module_preset=&#8221;default&#8221; global_colors_info=&#8221;{}&#8221;][et_pb_text _builder_version=&#8221;4.16&#8243; _module_preset=&#8221;a71a5122-3537-4d1b-aa15-649fe0057a23&#8243; text_font=&#8221;Inter||||||||&#8221; text_text_color=&#8221;#000000&#8243; text_font_size=&#8221;20px&#8221; text_line_height=&#8221;1.8em&#8221; header_text_align=&#8221;center&#8221; text_orientation=&#8221;center&#8221; text_font_size_tablet=&#8221;15px&#8221; text_font_size_phone=&#8221;16px&#8221; text_font_size_last_edited=&#8221;on|desktop&#8221; locked=&#8221;off&#8221; global_colors_info=&#8221;{}&#8221;]<\/p>\n<p>B\u1ea1n c\u0169ng c\u00f3 th\u1ec3 ch\u1ee7 \u0111\u1ed9ng \u0111\u0103ng k\u00fd t\u00e0i kho\u1ea3n c\u00e1 nh\u00e2n \u0111\u1ec3 \u0111\u0103ng v\u00e0 qu\u1ea3n l\u00fd tin b\u1ea5t l\u00fac n\u00e0o. Anytime 24\/7.<\/p>\n<p>[\/et_pb_text][\/et_pb_column][\/et_pb_row][et_pb_row column_structure=&#8221;1_2,1_2&#8243; _builder_version=&#8221;4.16&#8243; _module_preset=&#8221;default&#8221; global_colors_info=&#8221;{}&#8221;][et_pb_column type=&#8221;1_2&#8243; _builder_version=&#8221;4.16&#8243; _module_preset=&#8221;default&#8221; background_color=&#8221;#f8f8f8&#8243; custom_padding=&#8221;20px|20px|20px|20px|true|true&#8221; border_radii=&#8221;on|12px|12px|12px|12px&#8221; global_colors_info=&#8221;{}&#8221;][et_pb_blurb title=&#8221;Xem h\u01b0\u1edbng d\u1eabn \u0111\u0103ng tin&#8221; url=&#8221;https:\/\/www.nguoivietabc.com\/info\/hd-dang-tin\/&#8221; use_icon=&#8221;on&#8221; font_icon=&#8221;&#x6c;||divi||400&#8243; icon_color=&#8221;#0e98f9&#8243; icon_placement=&#8221;left&#8221; image_icon_width=&#8221;39px&#8221; content_max_width=&#8221;100%&#8221; image_icon_width_tablet=&#8221;39px&#8221; image_icon_width_phone=&#8221;39px&#8221; image_icon_width_last_edited=&#8221;on|tablet&#8221; _builder_version=&#8221;4.17.4&#8243; _module_preset=&#8221;8fb9350d-ef42-473d-92d7-8a3a25dbee4e&#8221; header_font=&#8221;Inter|600||on|||||&#8221; header_text_color=&#8221;gcid-4721c02e-63da-4985-9f86-80b98bb29c52&#8243; header_font_size=&#8221;16px&#8221; header_letter_spacing=&#8221;2px&#8221; header_line_height=&#8221;1.2em&#8221; body_font=&#8221;Inter||||||||&#8221; body_text_color=&#8221;#6b6b6b&#8221; body_line_height=&#8221;1.6em&#8221; module_alignment=&#8221;center&#8221; animation=&#8221;off&#8221; link_option_url=&#8221;https:\/\/www.nguoivietabc.com\/info\/hd-dang-tin\/&#8221; hover_enabled=&#8221;0&#8243; header_font_size_tablet=&#8221;14px&#8221; header_font_size_phone=&#8221;&#8221; header_font_size_last_edited=&#8221;on|phone&#8221; body_font_size_tablet=&#8221;&#8221; body_font_size_phone=&#8221;14px&#8221; body_font_size_last_edited=&#8221;on|phone&#8221; icon_font_size=&#8221;39px&#8221; image_max_width_tablet=&#8221;22px&#8221; image_max_width_phone=&#8221;20px&#8221; image_max_width_last_edited=&#8221;on|tablet&#8221; global_colors_info=&#8221;{%22gcid-4721c02e-63da-4985-9f86-80b98bb29c52%22:%91%22header_text_color%22%93}&#8221; sticky_enabled=&#8221;0&#8243;]<\/p>\n<p>\u0110\u0103ng k\u00fd t\u00e0i kho\u1ea3n, \u0111\u0103ng tin \u1edf danh m\u1ee5c ph\u00f9 h\u1ee3p.<\/p>\n<p>[\/et_pb_blurb][\/et_pb_column][et_pb_column type=&#8221;1_2&#8243; _builder_version=&#8221;4.16&#8243; _module_preset=&#8221;default&#8221; background_color=&#8221;#f8f8f8&#8243; custom_padding=&#8221;20px|20px|20px|20px|true|true&#8221; border_radii=&#8221;on|12px|12px|12px|12px&#8221; global_colors_info=&#8221;{}&#8221;][et_pb_blurb title=&#8221;Xem h\u01b0\u1edbng d\u1eabn qu\u1ea3n l\u00fd tin&#8221; url=&#8221;https:\/\/www.nguoivietabc.com\/info\/hd-quan-ly-tin\/&#8221; use_icon=&#8221;on&#8221; font_icon=&#8221;&#xe035;||divi||400&#8243; icon_color=&#8221;#25db3d&#8221; icon_placement=&#8221;left&#8221; image_icon_width=&#8221;39px&#8221; content_max_width=&#8221;100%&#8221; image_icon_width_tablet=&#8221;39px&#8221; image_icon_width_phone=&#8221;39px&#8221; image_icon_width_last_edited=&#8221;on|tablet&#8221; _builder_version=&#8221;4.17.4&#8243; _module_preset=&#8221;8fb9350d-ef42-473d-92d7-8a3a25dbee4e&#8221; header_font=&#8221;Inter|600||on|||||&#8221; header_text_color=&#8221;gcid-4721c02e-63da-4985-9f86-80b98bb29c52&#8243; header_font_size=&#8221;16px&#8221; header_letter_spacing=&#8221;2px&#8221; header_line_height=&#8221;1.2em&#8221; body_font=&#8221;Inter||||||||&#8221; body_text_color=&#8221;#6b6b6b&#8221; body_line_height=&#8221;1.6em&#8221; max_width_tablet=&#8221;&#8221; max_width_phone=&#8221;&#8221; max_width_last_edited=&#8221;on|phone&#8221; module_alignment=&#8221;center&#8221; animation=&#8221;off&#8221; link_option_url=&#8221;https:\/\/www.nguoivietabc.com\/info\/hd-quan-ly-tin\/&#8221; hover_enabled=&#8221;0&#8243; header_font_size_tablet=&#8221;14px&#8221; header_font_size_phone=&#8221;&#8221; header_font_size_last_edited=&#8221;on|phone&#8221; body_font_size_tablet=&#8221;&#8221; body_font_size_phone=&#8221;14px&#8221; body_font_size_last_edited=&#8221;on|phone&#8221; icon_font_size=&#8221;39px&#8221; image_max_width_tablet=&#8221;22px&#8221; image_max_width_phone=&#8221;20px&#8221; image_max_width_last_edited=&#8221;on|tablet&#8221; global_colors_info=&#8221;{%22gcid-4721c02e-63da-4985-9f86-80b98bb29c52%22:%91%22header_text_color%22%93}&#8221; sticky_enabled=&#8221;0&#8243;]<\/p>\n<p>S\u1eeda n\u1ed9i dung, x\u00f3a ho\u1eb7c \u1ea9n tin, n\u00e2ng tin \u01b0u ti\u00ean.<\/p>\n<p>[\/et_pb_blurb][\/et_pb_column][\/et_pb_row][\/et_pb_section]<\/p>\n","protected":false},"excerpt":{"rendered":"<p>H\u1ed7 tr\u1ee3 \u0111\u0103ng tin rao v\u1eb7t, qu\u1ea3ng c\u00e1o tr\u00ean website Ng\u01b0\u1eddi Vi\u1ec7t ABC.<\/p>\n","protected":false},"author":1,"featured_media":4412,"parent":0,"menu_order":0,"comment_status":"closed","ping_status":"closed","template":"","meta":{"_et_pb_use_builder":"on","_et_pb_old_content":"","_et_gb_content_width":""},"yoast_head":"<!-- This site is optimized with the Yoast SEO Premium plugin v17.7 (Yoast SEO v20.9) - https:\/\/yoast.com\/wordpress\/plugins\/seo\/ -->\n<title>H\u1ed7 tr\u1ee3 \u0111\u0103ng tin - Ng\u01b0\u1eddi Vi\u1ec7t ABC<\/title>\n<meta name=\"robots\" content=\"index, follow, max-snippet:-1, max-image-preview:large, max-video-preview:-1\" \/>\n<link rel=\"canonical\" href=\"https:\/\/www.nguoivietabc.com\/info\/ho-tro-dang-tin\/\" \/>\n<meta property=\"og:locale\" content=\"en_US\" \/>\n<meta property=\"og:type\" content=\"article\" \/>\n<meta property=\"og:title\" content=\"H\u1ed7 tr\u1ee3 \u0111\u0103ng tin\" \/>\n<meta property=\"og:description\" content=\"H\u1ed7 tr\u1ee3 \u0111\u0103ng tin rao v\u1eb7t, qu\u1ea3ng c\u00e1o tr\u00ean website Ng\u01b0\u1eddi Vi\u1ec7t ABC.\" \/>\n<meta property=\"og:url\" content=\"https:\/\/www.nguoivietabc.com\/info\/ho-tro-dang-tin\/\" \/>\n<meta property=\"og:site_name\" content=\"Ng\u01b0\u1eddi Vi\u1ec7t ABC\" \/>\n<meta property=\"article:modified_time\" content=\"2022-06-15T06:58:32+00:00\" \/>\n<meta property=\"og:image\" content=\"https:\/\/www.nguoivietabc.com\/info\/wp-content\/uploads\/2021\/08\/meta-picture_nvabc3.png\" \/>\n\t<meta property=\"og:image:width\" content=\"1280\" \/>\n\t<meta property=\"og:image:height\" content=\"1280\" \/>\n\t<meta property=\"og:image:type\" content=\"image\/png\" \/>\n<meta name=\"twitter:card\" content=\"summary_large_image\" \/>\n<meta name=\"twitter:label1\" content=\"Est. reading time\" \/>\n\t<meta name=\"twitter:data1\" content=\"11 minutes\" \/>\n<script type=\"application\/ld+json\" class=\"yoast-schema-graph\">{\"@context\":\"https:\/\/schema.org\",\"@graph\":[{\"@type\":\"WebPage\",\"@id\":\"https:\/\/www.nguoivietabc.com\/info\/ho-tro-dang-tin\/\",\"url\":\"https:\/\/www.nguoivietabc.com\/info\/ho-tro-dang-tin\/\",\"name\":\"H\u1ed7 tr\u1ee3 \u0111\u0103ng tin - Ng\u01b0\u1eddi Vi\u1ec7t ABC\",\"isPartOf\":{\"@id\":\"https:\/\/www.nguoivietabc.com\/info\/#website\"},\"datePublished\":\"2021-06-29T07:08:20+00:00\",\"dateModified\":\"2022-06-15T06:58:32+00:00\",\"breadcrumb\":{\"@id\":\"https:\/\/www.nguoivietabc.com\/info\/ho-tro-dang-tin\/#breadcrumb\"},\"inLanguage\":\"en-US\",\"potentialAction\":[{\"@type\":\"ReadAction\",\"target\":[\"https:\/\/www.nguoivietabc.com\/info\/ho-tro-dang-tin\/\"]}]},{\"@type\":\"BreadcrumbList\",\"@id\":\"https:\/\/www.nguoivietabc.com\/info\/ho-tro-dang-tin\/#breadcrumb\",\"itemListElement\":[{\"@type\":\"ListItem\",\"position\":1,\"name\":\"Home\",\"item\":\"https:\/\/www.nguoivietabc.com\/info\/\"},{\"@type\":\"ListItem\",\"position\":2,\"name\":\"H\u1ed7 tr\u1ee3 \u0111\u0103ng tin\"}]},{\"@type\":\"WebSite\",\"@id\":\"https:\/\/www.nguoivietabc.com\/info\/#website\",\"url\":\"https:\/\/www.nguoivietabc.com\/info\/\",\"name\":\"Ng\u01b0\u1eddi Vi\u1ec7t ABC\",\"description\":\"Trang chia s\u1ebb th\u00f4ng tin t\u1eeb Ng\u01b0\u1eddi Vi\u1ec7t ABC\",\"potentialAction\":[{\"@type\":\"SearchAction\",\"target\":{\"@type\":\"EntryPoint\",\"urlTemplate\":\"https:\/\/www.nguoivietabc.com\/info\/?s={search_term_string}\"},\"query-input\":\"required name=search_term_string\"}],\"inLanguage\":\"en-US\"}]}<\/script>\n<!-- \/ Yoast SEO Premium plugin. -->","yoast_head_json":{"title":"H\u1ed7 tr\u1ee3 \u0111\u0103ng tin - Ng\u01b0\u1eddi Vi\u1ec7t ABC","robots":{"index":"index","follow":"follow","max-snippet":"max-snippet:-1","max-image-preview":"max-image-preview:large","max-video-preview":"max-video-preview:-1"},"canonical":"https:\/\/www.nguoivietabc.com\/info\/ho-tro-dang-tin\/","og_locale":"en_US","og_type":"article","og_title":"H\u1ed7 tr\u1ee3 \u0111\u0103ng tin","og_description":"H\u1ed7 tr\u1ee3 \u0111\u0103ng tin rao v\u1eb7t, qu\u1ea3ng c\u00e1o tr\u00ean website Ng\u01b0\u1eddi Vi\u1ec7t ABC.","og_url":"https:\/\/www.nguoivietabc.com\/info\/ho-tro-dang-tin\/","og_site_name":"Ng\u01b0\u1eddi Vi\u1ec7t ABC","article_modified_time":"2022-06-15T06:58:32+00:00","og_image":[{"width":1280,"height":1280,"url":"https:\/\/www.nguoivietabc.com\/info\/wp-content\/uploads\/2021\/08\/meta-picture_nvabc3.png","type":"image\/png"}],"twitter_card":"summary_large_image","twitter_misc":{"Est. reading time":"11 minutes"},"schema":{"@context":"https:\/\/schema.org","@graph":[{"@type":"WebPage","@id":"https:\/\/www.nguoivietabc.com\/info\/ho-tro-dang-tin\/","url":"https:\/\/www.nguoivietabc.com\/info\/ho-tro-dang-tin\/","name":"H\u1ed7 tr\u1ee3 \u0111\u0103ng tin - Ng\u01b0\u1eddi Vi\u1ec7t ABC","isPartOf":{"@id":"https:\/\/www.nguoivietabc.com\/info\/#website"},"datePublished":"2021-06-29T07:08:20+00:00","dateModified":"2022-06-15T06:58:32+00:00","breadcrumb":{"@id":"https:\/\/www.nguoivietabc.com\/info\/ho-tro-dang-tin\/#breadcrumb"},"inLanguage":"en-US","potentialAction":[{"@type":"ReadAction","target":["https:\/\/www.nguoivietabc.com\/info\/ho-tro-dang-tin\/"]}]},{"@type":"BreadcrumbList","@id":"https:\/\/www.nguoivietabc.com\/info\/ho-tro-dang-tin\/#breadcrumb","itemListElement":[{"@type":"ListItem","position":1,"name":"Home","item":"https:\/\/www.nguoivietabc.com\/info\/"},{"@type":"ListItem","position":2,"name":"H\u1ed7 tr\u1ee3 \u0111\u0103ng tin"}]},{"@type":"WebSite","@id":"https:\/\/www.nguoivietabc.com\/info\/#website","url":"https:\/\/www.nguoivietabc.com\/info\/","name":"Ng\u01b0\u1eddi Vi\u1ec7t ABC","description":"Trang chia s\u1ebb th\u00f4ng tin t\u1eeb Ng\u01b0\u1eddi Vi\u1ec7t ABC","potentialAction":[{"@type":"SearchAction","target":{"@type":"EntryPoint","urlTemplate":"https:\/\/www.nguoivietabc.com\/info\/?s={search_term_string}"},"query-input":"required name=search_term_string"}],"inLanguage":"en-US"}]}},"_links":{"self":[{"href":"https:\/\/www.nguoivietabc.com\/info\/wp-json\/wp\/v2\/pages\/3478"}],"collection":[{"href":"https:\/\/www.nguoivietabc.com\/info\/wp-json\/wp\/v2\/pages"}],"about":[{"href":"https:\/\/www.nguoivietabc.com\/info\/wp-json\/wp\/v2\/types\/page"}],"author":[{"embeddable":true,"href":"https:\/\/www.nguoivietabc.com\/info\/wp-json\/wp\/v2\/users\/1"}],"replies":[{"embeddable":true,"href":"https:\/\/www.nguoivietabc.com\/info\/wp-json\/wp\/v2\/comments?post=3478"}],"version-history":[{"count":48,"href":"https:\/\/www.nguoivietabc.com\/info\/wp-json\/wp\/v2\/pages\/3478\/revisions"}],"predecessor-version":[{"id":4904,"href":"https:\/\/www.nguoivietabc.com\/info\/wp-json\/wp\/v2\/pages\/3478\/revisions\/4904"}],"wp:featuredmedia":[{"embeddable":true,"href":"https:\/\/www.nguoivietabc.com\/info\/wp-json\/wp\/v2\/media\/4412"}],"wp:attachment":[{"href":"https:\/\/www.nguoivietabc.com\/info\/wp-json\/wp\/v2\/media?parent=3478"}],"curies":[{"name":"wp","href":"https:\/\/api.w.org\/{rel}","templated":true}]}}